{"id":56,"date":"2013-06-30T22:35:01","date_gmt":"2013-06-30T22:35:01","guid":{"rendered":"http:\/\/cafebarbantia.wordpress.com\/?page_id=14"},"modified":"2014-06-04T08:42:26","modified_gmt":"2014-06-04T08:42:26","slug":"quen-fai-cafe-barbantia","status":"publish","type":"page","link":"http:\/\/cafebarbantia.barbantia.es\/?page_id=56","title":{"rendered":"Amig@s do Caf\u00e9"},"content":{"rendered":"<p style=\"text-align: justify;\"><a href=\"http:\/\/cafebarbantia.barbantia.es\/wp-content\/uploads\/2013\/10\/Caf\u00e9lite5.jpg\"><img decoding=\"async\" loading=\"lazy\" class=\" wp-image-81 alignleft\" alt=\"Caf\u00e9lite5\" src=\"http:\/\/cafebarbantia.barbantia.es\/wp-content\/uploads\/2013\/10\/Caf\u00e9lite5-300x172.jpg\" width=\"180\" height=\"103\" srcset=\"http:\/\/cafebarbantia.barbantia.es\/wp-content\/uploads\/2013\/10\/Caf\u00e9lite5-300x172.jpg 300w, http:\/\/cafebarbantia.barbantia.es\/wp-content\/uploads\/2013\/10\/Caf\u00e9lite5-1024x588.jpg 1024w, http:\/\/cafebarbantia.barbantia.es\/wp-content\/uploads\/2013\/10\/Caf\u00e9lite5-500x287.jpg 500w, http:\/\/cafebarbantia.barbantia.es\/wp-content\/uploads\/2013\/10\/Caf\u00e9lite5.jpg 1781w\" sizes=\"(max-width: 180px) 100vw, 180px\" \/><\/a>\u00a0 \u00a0 @s amig@s do Caf\u00e9 son creador@s galeg@s procedentes da literatura, do cine, das artes pl\u00e1sticas, da filosof\u00eda, do xornalismo, da historia ou da ciencia, que se sentar\u00e1n ao redor do caf\u00e9 e ir\u00e1n alimentando as conversas coas s\u00faas achegas.<\/p>\n<p><!-- Begin W3Counter Tracking Code --><br \/>\n<script type=\"text\/javascript\" src=\"http:\/\/www.w3counter.com\/tracker.js\"><\/script><br \/>\n<script type=\"text\/javascript\">\/\/ <![CDATA[\nw3counter(78998);\n\/\/ ]]><\/script><\/p>\n<p><noscript><\/p>\n<div><a href=\"http:\/\/www.w3counter.com\"><img decoding=\"async\" src=\"http:\/\/www.w3counter.com\/tracker.php?id=78998\" style=\"border: 0\" alt=\"W3Counter\" \/><\/a><\/div>\n<p><\/noscript><!-- End W3Counter Tracking Code --><\/p>\n","protected":false},"excerpt":{"rendered":"<p>\u00a0 \u00a0 @s amig@s do Caf\u00e9 son creador@s galeg@s procedentes da literatura, do cine, das artes pl\u00e1sticas, da filosof\u00eda, do xornalismo, da historia ou da ciencia, que se sentar\u00e1n ao redor do caf\u00e9 e ir\u00e1n alimentando as conversas coas s\u00faas achegas.<\/p>\n","protected":false},"author":1,"featured_media":0,"parent":0,"menu_order":2,"comment_status":"open","ping_status":"closed","template":"","meta":{"_bbp_topic_count":0,"_bbp_reply_count":0,"_bbp_total_topic_count":0,"_bbp_total_reply_count":0,"_bbp_voice_count":0,"_bbp_anonymous_reply_count":0,"_bbp_topic_count_hidden":0,"_bbp_reply_count_hidden":0,"_bbp_forum_subforum_count":0,"_exactmetrics_skip_tracking":false,"_exactmetrics_sitenote_active":false,"_exactmetrics_sitenote_note":"","_exactmetrics_sitenote_category":0,"_monsterinsights_skip_tracking":false,"_monsterinsights_sitenote_active":false,"_monsterinsights_sitenote_note":"","_monsterinsights_sitenote_category":0},"aioseo_notices":[],"_links":{"self":[{"href":"http:\/\/cafebarbantia.barbantia.es\/index.php?rest_route=\/wp\/v2\/pages\/56"}],"collection":[{"href":"http:\/\/cafebarbantia.barbantia.es\/index.php?rest_route=\/wp\/v2\/pages"}],"about":[{"href":"http:\/\/cafebarbantia.barbantia.es\/index.php?rest_route=\/wp\/v2\/types\/page"}],"author":[{"embeddable":true,"href":"http:\/\/cafebarbantia.barbantia.es\/index.php?rest_route=\/wp\/v2\/users\/1"}],"replies":[{"embeddable":true,"href":"http:\/\/cafebarbantia.barbantia.es\/index.php?rest_route=%2Fwp%2Fv2%2Fcomments&post=56"}],"version-history":[{"count":11,"href":"http:\/\/cafebarbantia.barbantia.es\/index.php?rest_route=\/wp\/v2\/pages\/56\/revisions"}],"predecessor-version":[{"id":1412,"href":"http:\/\/cafebarbantia.barbantia.es\/index.php?rest_route=\/wp\/v2\/pages\/56\/revisions\/1412"}],"wp:attachment":[{"href":"http:\/\/cafebarbantia.barbantia.es\/index.php?rest_route=%2Fwp%2Fv2%2Fmedia&parent=56"}],"curies":[{"name":"wp","href":"https:\/\/api.w.org\/{rel}","templated":true}]}}