{"id":53,"date":"2013-06-30T21:25:03","date_gmt":"2013-06-30T21:25:03","guid":{"rendered":"http:\/\/cafebarbantia.wordpress.com\/?page_id=1"},"modified":"2014-04-07T11:57:39","modified_gmt":"2014-04-07T11:57:39","slug":"about","status":"publish","type":"page","link":"https:\/\/cafebarbantia.barbantia.es\/?page_id=53","title":{"rendered":"Que \u00e9 Caf\u00e9 Barbantia"},"content":{"rendered":"<p style=\"text-align: justify;\"><span style=\"color: #000000;\"><a href=\"http:\/\/cafebarbantia.barbantia.es\/wp-content\/uploads\/2013\/10\/Caf\u00e9lite4.jpg\"><img decoding=\"async\" loading=\"lazy\" class=\" wp-image-80 alignleft\" alt=\"Caf\u00e9lite4\" src=\"http:\/\/cafebarbantia.barbantia.es\/wp-content\/uploads\/2013\/10\/Caf\u00e9lite4-218x300.jpg\" width=\"131\" height=\"180\" srcset=\"https:\/\/cafebarbantia.barbantia.es\/wp-content\/uploads\/2013\/10\/Caf\u00e9lite4-218x300.jpg 218w, https:\/\/cafebarbantia.barbantia.es\/wp-content\/uploads\/2013\/10\/Caf\u00e9lite4-744x1024.jpg 744w, https:\/\/cafebarbantia.barbantia.es\/wp-content\/uploads\/2013\/10\/Caf\u00e9lite4.jpg 1700w\" sizes=\"(max-width: 131px) 100vw, 131px\" \/><\/a>\u00c9 un caf\u00e9 virtual\u00a0que nace ao redor da conversa entre creador@s e amantes da cultura. Aqu\u00ed daremos conta do que lemos, do que vemos, do que sentimos diante de calquera obra art\u00edstica, tanto feita en Galiza coma en calquera parte do mundo. Literatura, cine, m\u00fasica, artes pl\u00e1sticas, viaxes, ciencia&#8230; ateigar\u00e1n as mesas de Caf\u00e9 Barbantia cun esp\u00edrito sincero e cr\u00edtico, sen outra pretensi\u00f3n que compartirmos experiencias culturais que dean p\u00e9 ao debate e a un di\u00e1logo intelixente non s\u00f3 entre creador@s sen\u00f3n tam\u00e9n entre tod@s aquel@s que se acheguen ao noso caf\u00e9.<\/span><\/p>\n<p><!-- Begin W3Counter Tracking Code --><br \/>\n<script type=\"text\/javascript\" src=\"http:\/\/www.w3counter.com\/tracker.js\"><\/script><br \/>\n<script type=\"text\/javascript\">\/\/ <![CDATA[\nw3counter(78998);\n\/\/ ]]><\/script><\/p>\n<p><noscript><\/p>\n<div><a href=\"http:\/\/www.w3counter.com\"><img decoding=\"async\" src=\"http:\/\/www.w3counter.com\/tracker.php?id=78998\" style=\"border: 0\" alt=\"W3Counter\" \/><\/a><\/div>\n<p><\/noscript><!-- End W3Counter Tracking Code --><\/p>\n","protected":false},"excerpt":{"rendered":"<p>\u00c9 un caf\u00e9 virtual\u00a0que nace ao redor da conversa entre creador@s e amantes da cultura. Aqu\u00ed daremos conta do que lemos, do que vemos, do que sentimos diante de calquera obra art\u00edstica, tanto feita en Galiza coma en calquera parte do mundo. Literatura, cine, m\u00fasica, artes pl\u00e1sticas, viaxes, ciencia&#8230; ateigar\u00e1n as mesas de Caf\u00e9 Barbantia &hellip; <a href=\"https:\/\/cafebarbantia.barbantia.es\/?page_id=53\" class=\"more-link\">Seguir lendo <span class=\"screen-reader-text\">Que \u00e9 Caf\u00e9 Barbantia<\/span> <span class=\"meta-nav\">&rarr;<\/span><\/a><\/p>\n","protected":false},"author":1,"featured_media":0,"parent":0,"menu_order":1,"comment_status":"open","ping_status":"closed","template":"","meta":{"_bbp_topic_count":0,"_bbp_reply_count":0,"_bbp_total_topic_count":0,"_bbp_total_reply_count":0,"_bbp_voice_count":0,"_bbp_anonymous_reply_count":0,"_bbp_topic_count_hidden":0,"_bbp_reply_count_hidden":0,"_bbp_forum_subforum_count":0,"_exactmetrics_skip_tracking":false,"_exactmetrics_sitenote_active":false,"_exactmetrics_sitenote_note":"","_exactmetrics_sitenote_category":0,"_monsterinsights_skip_tracking":false,"_monsterinsights_sitenote_active":false,"_monsterinsights_sitenote_note":"","_monsterinsights_sitenote_category":0},"aioseo_notices":[],"_links":{"self":[{"href":"https:\/\/cafebarbantia.barbantia.es\/index.php?rest_route=\/wp\/v2\/pages\/53"}],"collection":[{"href":"https:\/\/cafebarbantia.barbantia.es\/index.php?rest_route=\/wp\/v2\/pages"}],"about":[{"href":"https:\/\/cafebarbantia.barbantia.es\/index.php?rest_route=\/wp\/v2\/types\/page"}],"author":[{"embeddable":true,"href":"https:\/\/cafebarbantia.barbantia.es\/index.php?rest_route=\/wp\/v2\/users\/1"}],"replies":[{"embeddable":true,"href":"https:\/\/cafebarbantia.barbantia.es\/index.php?rest_route=%2Fwp%2Fv2%2Fcomments&post=53"}],"version-history":[{"count":6,"href":"https:\/\/cafebarbantia.barbantia.es\/index.php?rest_route=\/wp\/v2\/pages\/53\/revisions"}],"predecessor-version":[{"id":1047,"href":"https:\/\/cafebarbantia.barbantia.es\/index.php?rest_route=\/wp\/v2\/pages\/53\/revisions\/1047"}],"wp:attachment":[{"href":"https:\/\/cafebarbantia.barbantia.es\/index.php?rest_route=%2Fwp%2Fv2%2Fmedia&parent=53"}],"curies":[{"name":"wp","href":"https:\/\/api.w.org\/{rel}","templated":true}]}}